of p.
3, 11
Let d = 713 - 402. Suppose -a - s = -141 - 162, -a - 5*s + d = 0. List the prime factors of a.
7, 43
Suppose -2*u = 5*w + 20, 3*w + 0*u = 5*u - 12. Let s(g) = -3*g - 10. Let d be s(w). Suppose -h + 15 = -d. What are the prime factors of h?
17
Suppose 0 = 6*s - 3*s + 30. Let u(c) = -c**2 - c - 3. Let h be u(-5). Let z = s - h. What are the prime factors of z?
13
Let u = 223 - -272. List the prime factors of u.
3, 5, 11
Let m(x) = 11*x + 27. Let y be m(9). Let z(i) = i**2 + i + 70. Let s be z(0). Let n = y - s. List the prime factors of n.
2, 7
List the prime factors of (-314)/(6/(-21) + (-24)/14).
157
What are the prime factors of 1/(((-2)/6264)/(102/(-136)))?
3, 29
Let i be 2/18 - (-7)/(-63). Suppose i = -5*h + c + 44, 2*h + 1 = -2*c + 9. List the prime factors of h.
2
Let l be 14/(-10) - (-6)/(-10). Let w be ((-8)/12)/(l/12). List the prime factors of (16/12)/(w/54).
2, 3
Suppose 48 = 4*r + 76. Let v(q) be the first derivative of q**4/4 + 7*q**3/3 - 7*q**2/2 - 9*q - 1. List the prime factors of v(r).
2, 5
Suppose -3*r - f = 4*f - 1091, -10 = 5*f. Suppose -3*a - r = -493. List the prime factors of a.
2, 3, 7
Suppose -169 = z - 40. List the prime factors of ((6 - 4) + 1)*z/(-9).
43
What are the prime factors of ((-1510)/(-4))/(15/204)?
2, 17, 151
Let j = -1948 + 2442. List the prime factors of j.
2, 13, 19
Let z(r) be the first derivative of -r**3/3 + 6*r**2 + 30*r + 17. What are the prime factors of z(13)?
17
List the prime factors of 199672/374 + 6/51.
2, 3, 89
List the prime factors of ((-46)/184)/((-2)/7624).
953
Let h(t) = -t**2 + 5*t + 6. Let r(s) be the first derivative of 4*s**3/3 - 10*s**2 - 23*s + 5. Let z(i) = -9*h(i) - 2*r(i). List the prime factors of z(8).
2
Let v be 3*((-3)/(-21))/((-2)/(-14)). Suppose v*r = -0*r + 318. What are the prime factors of r?
2, 53
Let b(y) = -y**3 - 13*y**2 - 11*y + 16. Let g be 1/3 + (-111)/9. Let f be b(g). Suppose 0*i = 3*i + 3*n - 180, f*n - 60 = -i. List the prime factors of i.
2, 3, 5
Suppose 0 = -0*u - 12*u + 132. List the prime factors of -1*(5 - 20)*u.
3, 5, 11
Let h(f) = 3*f**3 + 2*f**2 - 9*f + 1. List the prime factors of h(3).
73
Let z = -3108 - -7790. List the prime factors of z.
2, 2341
Suppose -137*k + 364944 = -139216. What are the prime factors of k?
2, 5, 23
Suppose 36 = 2*z + 4*n, 3*z + 2*n = -0*n + 70. Suppose 22 + z = 4*l. Let u(d) = d**2 - 10*d - 4. List the prime factors of u(l).
2, 5
Let v(f) = 62*f + 620. What are the prime factors of v(24)?
2, 17, 31
Let m = -4 - -12. Suppose 3*t = 7 + m. Suppose 3*w + 52 = t*w. List the prime factors of w.
2, 13
Let s = 27 - 24. Suppose -s*l - k = l - 12, 9 = 3*l + 4*k. Suppose l*w - 3*b - 2*b = 65, w = -3*b + 17. List the prime factors of w.
2, 5
Let p = -1 + 5. Suppose -p*f + 6*f - 8 = 5*l, 3*f - 12 = -l. Suppose -29 + 3 = -f*k + 5*o, -4*k = -o - 18. List the prime factors of k.
2
Suppose -4*u - 500 = -2176. What are the prime factors of u?
419
Let x be 26/143 - 5474/(-22). Suppose -4*z - 2 = 2, 0 = -3*c - 3*z + x. List the prime factors of c.
2, 3, 7
Let x = -250 + 368. What are the prime factors of -3 + 1 + 6 + x?
2, 61
List the prime factors of (-1240)/(-32)*4 + -7.
2, 37
Suppose -15*m = 11*m - 73216. What are the prime factors of m?
2, 11
Suppose 37*w - 45*w + 128 = 0. What are the prime factors of w?
2
Let j(x) = -x**2 + 6*x - 3. Let y be j(5). Suppose -2*g + y = -b - 23, -34 = -2*g - 2*b. Let w = g - 5. List the prime factors of w.
3
Let g = 459 + -310. Suppose -153 = -2*k + u + g, 0 = -k + 4*u + 137. What are the prime factors of k?
3, 17
Suppose -2124 = -3*f - 3*l, 5*f + 2134 = 8*f - 2*l. What are the prime factors of f?
2, 5, 71
Let h(l) = 0*l**3 - 4*l**2 + 0*l**2 + 16 + 6*l - 22 + 3*l**3. What are the prime factors of h(3)?
3, 19
Let r = -261 - -469. Let b = 331 - r. List the prime factors of b.
3, 41
Suppose -h - 5*t = -26, -4 - 1 = -t. Let i(b) = h + 2*b + 6*b - b + 2*b**2. What are the prime factors of i(-5)?
2
Let q(m) = m**2 - 4*m - 11. Let a be q(6). What are the prime factors of (-469)/(-5) + a/5?
2, 47
Let s = -21 + -7. Let f = 19 - s. List the prime factors of f.
47
Let d = 26 - 21. Suppose -2*k + 4*o + 102 = 0, 4*k - d*o = k + 153. List the prime factors of k.
3, 17
Suppose 11*d - 5382 = -12*d. What are the prime factors of d?
2, 3, 13
Let d(y) = -5*y**2 - 7*y - 9*y**3 + 2 + 9*y + 8*y**3. Let a = 6 + -12. What are the prime factors of d(a)?
2, 13
Suppose -4*b - 5 = -5*b. Suppose 4*u = b + 3. Suppose -u*r - d = -38, 2*r - 3*d = -r + 75. List the prime factors of r.
3, 7
Let b = 10 + -6. Suppose -3*o + 2*h + 91 = 0, 120 = b*o + 3*h - 5*h. Suppose -3*j + f = -16 - o, 0 = -2*j - 4*f + 30. List the prime factors of j.
3, 5
Suppose 4*o + 5504 = 20*o. What are the prime factors of o?
2, 43
Let c be 6/(-21) - 122/14. Let p be (12 + c)*284/3. List the prime factors of p/16 + (-2)/(-8).
2, 3
Suppose -154*w + 126*w + 36484 = 0. List the prime factors of w.
1303
What are the prime factors of 15*(-11)/((-220)/928)?
2, 3, 29
Suppose -218*d = -231*d + 7462. List the prime factors of d.
2, 7, 41
Suppose -7*w + 3*w - 2 = -a, a + 4*w = -22. Let x = a - -10. Suppose x*t + 7 = t. List the prime factors of t.
7
Let m = 227 + -142. Let r = 128 - m. List the prime factors of r.
43
Let o(u) = 2*u**2 + 17*u + 25. Let m be o(-11). Suppose h - 3*h = -m. What are the prime factors of h?
2, 5
Let h = -34 - -41. Suppose h*j = j + 198. What are the prime factors of j?
3, 11
Let i = -50 - -35. What are the prime factors of 2/15 - 478/i?
2
Let b = -320 - -857. What are the prime factors of b?
3, 179
Let j = 79 + -45. Suppose 198 = -10*c + 68. Let b = j + c. What are the prime factors of b?
3, 7
Let s(i) = -i**2 - 8 - 2*i**2 + 7*i**2. What are the prime factors of s(4)?
2, 7
Let t(d) = 456*d**2. Let p be t(-1). Suppose -2*j + 232 = 5*r - r, 4*j + 4*r = p. What are the prime factors of j?
2, 7
What are the prime factors of (-10)/(-12) - 1 - 34447/(-114)?
2, 151
Let p be ((-4)/(-4))/((-2)/(-6)). Suppose -108 = -6*f + p*f. What are the prime factors of f?
2, 3
Let b be (-1)/2*(-14 - 0). Suppose 1318 = b*j - 159. What are the prime factors of j?
211
Let n(f) = 76*f**2 + 43*f - 22. What are the prime factors of n(5)?
7, 13, 23
Let h(g) = -10*g**2 + g. Let q be h(1). List the prime factors of (12/q)/(6/(-207)).
2, 23
Let f = 357 + 1828. List the prime factors of f.
5, 19, 23
Let j(a) be the second derivative of 5*a**3/6 - 3*a**2 + 3*a. Suppose -5*c = -0*q - 3*q + 22, 3*c + 33 = 4*q. List the prime factors of j(q).
3, 13
Let g = -193 - -931. List the prime factors of g.
2, 3, 41
Suppose -5*d - 2*i = -0*d - 9, 4*d - 5*i - 27 = 0. Suppose -3*c = -3*v + c + 252, d = -c. Suppose -6*q = -q - v. List the prime factors of q.
2
Let o = 4305 - 3020. What are the prime factors of o?
5, 257
Suppose -15*h + 81077 - 10292 = 0. What are the prime factors of h?
3, 11, 13
Let p(h) = h**3 - 7*h**2 + 5*h - 7. Let g be p(6). Let u(i) = i**2 + 8*i + 8. What are the prime factors of u(g)?
73
Let b(k) = -k**2 - 4*k + 5. Let h be b(-5). Suppose -4*o + 0*o + 40 = h. List the prime factors of o.
2, 5
Let z(p) = -p**3 + 24*p**2 + 24*p + 16. List the prime factors of z(18).
2, 13, 23
Let k(p) = -5*p - 6. Let h(j) = j - 1. Let a(c) = -6*h(c) - k(c). Let t be a(7). Suppose z - 73 = 2*b, -t*z + 112 = 4*b - 197. List the prime factors of z.
5, 13
Suppose 0*g + 334 = 2*g + m, -3*m + 672 = 4*g. Let n = g - 118. List the prime factors of n.
47
List the prime factors of (-53508)/(-30) + (-14)/(-35).
2, 223
Suppose 2*j - 11 = -4*x - 3*j, 0 = -2*x + 3*j + 33. Let m = x + 35. List the prime factors of m.
2, 11
List the prime factors of (0 + 0 - -695) + 57 + -61.
691
Suppose -h = -9*h + 6960. Suppose h - 24 = 6*k. List the prime factors of k.
3, 47
Let g(r) be the second derivative of r**4/12 - r**3/6 + r**2/2 + 2*r. Let p be g(3). Suppose -4*a + 27 = p. What are the prime factors of a?
5
Let j(x) = -x**2 - 7*x - 11. Let u be j(-15). Let i = u - -143. List the prime factors of i.
2, 3
Let o = 1733 + -476. List the prime factors of o.
3, 419
Let w = -104 + 70. Let c be 6 + -9 + 4*14. Let a = c + w. What are the prime factors of a?
19
Let h = 45 - -537. List the prime factors of h.
2, 3, 97
Let w(h) be the third derivative of h**6/120 + h**5/5 + 13*h**4/24 + 19*h**3/6 - 2*h**2. What a